i = 15 - 39. Let a = 42 + i. List the prime factors of a.
2, 3
Let n be 48/40*5/(-2). What are the prime factors of (-26)/n + (-2)/(-6)?
3
Let o(q) = -3*q - 4. List the prime factors of o(-16).
2, 11
Let s be 160/(-15)*6/(-2). Suppose n + 3*d - s = -0*d, 28 = n + 2*d. What are the prime factors of n?
2, 5
Let y(k) = 0*k + k**2 + 0*k - 4*k - 1 + 5*k. Let x be y(-3). Let w = x - 0. What are the prime factors of w?
5
Let r be (-3 + 1 + 2)/(-1). Suppose 0 = 3*g - 3*o + 9, 2*g = -r*g - 5*o + 29. Suppose -25 = -2*m + 5*q, -37 = -2*m - g*m - 3*q. List the prime factors of m.
2, 5
Suppose 4*v - v - 30 = 0. Suppose -l - 1 + 0 = 0. List the prime factors of (5/v)/(l/(-36)).
2, 3
Let s = -68 - -127. Let f = s - 24. List the prime factors of f.
5, 7
Let j(f) = 259*f**2 + 4*f - 5. List the prime factors of j(1).
2, 3, 43
Let w(b) = -b**2 - 20*b - 7. What are the prime factors of w(-8)?
89
Let v(t) be the third derivative of -t**6/120 + t**5/30 + t**4/6 + 6*t**2. Let k be (-3)/(-1)*1/1. What are the prime factors of v(k)?
3
Suppose -4*d = -2*d - 34. Let a = d - 4. What are the prime factors of a?
13
Let o(m) be the second derivative of -m**3/6 - 8*m**2 - m. Let y(n) = -2*n - 47. Let d(h) = -8*o(h) + 3*y(h). List the prime factors of d(10).
7
Let l be (-2 - -4)/(1/2). Let o(d) = 4*d - 5. List the prime factors of o(l).
11
Suppose 9 = -4*b + 145. What are the prime factors of b?
2, 17
Let s(y) = -y**2 + 7*y - 3. Let u be s(6). Let b = -3 + u. Suppose 3*c = -b*c + 24. List the prime factors of c.
2
Let t(g) = -g**3 - 10*g**2 + 4*g - 8. List the prime factors of t(-11).
3, 23
Suppose 6*g - 142 = 4*g. List the prime factors of g.
71
Let x = -8 - -4. Let l = x + 10. Suppose o - l*o - 2 = 2*w, -4*o = 5*w - 12. What are the prime factors of w?
2
Let d = -23 + 50. What are the prime factors of d?
3
Let c = 1019 + -706. What are the prime factors of c?
313
List the prime factors of 450/(-27)*(-6)/5.
2, 5
Let u = 124 + -82. What are the prime factors of u?
2, 3, 7
Let j = -19 - -31. Let s(o) = 3*o**2 + 16*o + 11. Let d(i) = -4*i**2 - 17*i - 10. Let b(l) = 4*d(l) + 5*s(l). What are the prime factors of b(j)?
3, 5
Let y(f) = -3*f + 1. Let k be y(1). What are the prime factors of 8/3*(-3)/k?
2
Suppose a - 2 = b + 4, 0 = a - 2*b - 5. Suppose -2*s = -a*s - 3*h + 19, 0 = -5*s + 5*h - 5. Suppose s*f - 10 = 8. What are the prime factors of f?
3
List the prime factors of -1*(-2 - -6) + (-65)/(-1).
61
Let x(u) = 3*u**3 - 4*u**2 + 2*u. Let h be ((-2)/3)/(10/(-105)). Suppose f + q = 1 + 2, 0 = -f - 5*q + h. List the prime factors of x(f).
2, 3
Suppose -11*t + 120 = -6*t. What are the prime factors of t?
2, 3
Let b(y) = 6 - y - 13 + 0*y. Suppose 0*u + 18 = -2*u. List the prime factors of b(u).
2
Let k(u) = u**2 + 7*u**2 + 3*u**2. Let q = -2 - -1. What are the prime factors of k(q)?
11
Let x be 1/(-3) - (-176)/(-12). Let w = 36 + x. What are the prime factors of w?
3, 7
Suppose -9*x + 4*x = 25. Let c(t) = t**3 + 5*t**2 - 4*t - 2. List the prime factors of c(x).
2, 3
Let b(l) = -2*l**3 - 2*l**2 - 4*l - 4. What are the prime factors of b(-3)?
2, 11
Suppose -2*j + 4*f + 160 = 0, -3*j - 3*f - 225 = -6*j. What are the prime factors of j?
2, 5, 7
Let d(i) = 2*i. Let t be d(1). Suppose -2 - t = z + 2*y, -z - 1 = y. What are the prime factors of z?
2
Let v(l) = -l**3 - 4*l**2 + 3*l - 2. Suppose 0 = u + 1, m - 7 = 2*m + 2*u. What are the prime factors of v(m)?
2
Suppose -2*q + 3*q = -12. Let w be (1/3)/(1/9). Let b = w - q. What are the prime factors of b?
3, 5
Let v(g) = g**2 - 12*g + 11. Let q be v(11). Suppose 3*k - 4*i + i = 6, q = 5*k - 4*i - 12. List the prime factors of (-55)/(-10) - (-6)/k.
7
List the prime factors of 338/10 + 24/(-30).
3, 11
Let t = -1 - -1. Suppose -x + 26 = 4*p, t*p + 17 = p - 5*x. Suppose -v + 1 = -p. List the prime factors of v.
2
Suppose 2*j - 14 = o, 4*j = -4*o - o. Let d = o + 34. List the prime factors of 4/3*d/4.
2, 5
Let i = -288 - -525. What are the prime factors of i/27 - (-4)/18?
3
Let m = 51 - -1. What are the prime factors of m?
2, 13
Let f = 100 - 66. List the prime factors of f.
2, 17
Let y be 20*2*(-3)/(-15). Let g be 61/9 + y/36. List the prime factors of 24/14 + 2/g.
2
Let d(y) be the third derivative of y**5/60 + y**4/4 - 4*y**3/3 + 4*y**2. Let r = -20 + 12. What are the prime factors of d(r)?
2
Let m be (2 - (-3)/(-6))*2. Suppose -3*i - 12 = -4*w, m*w - 5*i - 7 - 2 = 0. What are the prime factors of w?
3
Suppose 4*n = 5*n - 1. Let x = 10 + n. Let z = -7 + x. List the prime factors of z.
2
Let u = -8 - -40. Suppose -u = -2*v - 3*j, 5*v - 29 = 2*j + 13. What are the prime factors of v?
2, 5
Let t = -69 - -98. Suppose 2*a + 9 - t = 0. List the prime factors of a.
2, 5
Let d(w) = w**3 + 6*w**2 - w - 4. Let p be d(-6). Let n = p + 2. Suppose -n*y - 27 = -i, -2*y - y = 5*i - 43. What are the prime factors of i?
11
What are the prime factors of (-2)/7 - ((-2070)/42 + 1)?
2, 3
Suppose -4*k - 40 = k. Let o be 2/k + (-72)/(-32). Suppose o*c - 3*x = -c + 51, -c + 3*x = -21. What are the prime factors of c?
3, 5
Let i = -12 - -22. Let s be (-406)/(-28) - (-1)/(-2). Let n = s - i. What are the prime factors of n?
2
Suppose 0 = 3*n + 4*i - 12, -2*n + 3*i + 8 = 6*i. Suppose -n*h = -7*h + 96. List the prime factors of h.
2
Suppose -2*u = -2*h - 51 - 3, 123 = 5*u - 2*h. What are the prime factors of u?
23
Suppose 4 = -d, -5*l - 2*d + 5*d = -7. List the prime factors of 17 + 5 - (2 - l).
19
Suppose -t = -6*t + 165. What are the prime factors of t?
3, 11
Suppose 3*s = u + 15, 16 + 9 = 4*s - 3*u. Let l(k) = k**3 - 5*k**2 + 6*k - 4. Let b be l(s). Let o = 7 - b. What are the prime factors of o?
3
Let j = -24 + 7. Let m = 58 + j. Suppose m - 6 = 5*w. What are the prime factors of w?
7
Let o be 50 + -1 - (-9 - -6). Suppose 5*u = u + o. What are the prime factors of u?
13
Let y be ((-4)/(-6))/((-2)/(-30)). Let f = 1 + y. Let i = f + -8. What are the prime factors of i?
3
Suppose 0 = 3*f - 32 - 151. What are the prime factors of f?
61
Let b = -3 + 9. Let p = b + -3. Suppose 0 = -p*i + 5*i - 10. List the prime factors of i.
5
Let l = -6 + 10. Suppose -l*k = -10 + 98. What are the prime factors of 2/1*k/(-4)?
11
Suppose -5*c - 145 = -3*a, 0 = -a - 3*a + 5*c + 195. What are the prime factors of a?
2, 5
Let d(u) = -7*u - 1. What are the prime factors of d(-5)?
2, 17
Let u = 8 + -11. What are the prime factors of u + (0/3 - -14)?
11
Suppose 6*q = 5*q + 8. Suppose -q = -5*c + 3*g, 0*c + 7 = 4*c - 3*g. What are the prime factors of (4/(-8))/(c/(-26))?
13
Suppose 3*j + 0*j = 0. Suppose j*z = 2*z. Suppose 2*w - 2*k = -z*w + 42, 4*k = -2*w + 18. List the prime factors of w.
17
Let n(x) = x**3 + 11*x**2. Let z be n(-11). Let p(w) = -w**3 - w + 64. Let d be p(z). Suppose d = 4*l - 3*b, -12 = 3*b - 0*b. What are the prime factors of l?
13
What are the prime factors of (24/(-9))/((-8)/60)?
2, 5
Let p = -3 + 3. Suppose 3*f = -3*m + 1 + 5, p = 2*f - 10. What are the prime factors of (1/m)/(1/(-21))?
7
Let a = -270 - -405. List the prime factors of a.
3, 5
Let h be (153/(-6))/((-2)/4). Let z be 0/((-1)/(0 - -1)). Suppose -h = -z*q - 3*q. What are the prime factors of q?
17
Let x = 431 - 151. List the prime factors of x.
2, 5, 7
Let d = 131 - 57. List the prime factors of d.
2, 37
Let r be 1 + 47 + 0/(-1). Let m be r/21 + (-4)/14. What are the prime factors of (m/1)/((-8)/(-12))?
3
Suppose 6 = -3*o - 5*l + 25, 69 = 5*o - l. Let j = o - 7. List the prime factors of j.
2, 3
Suppose -3*w = -7*w - 5*j + 68, 0 = 4*w + 4*j - 64. What are the prime factors of w?
2, 3
Let r(k) = -7*k**3 + k**2 - 1. Suppose 4*s + 4*v = 3*s - 1, -3*v - 1 = s. List the prime factors of r(s).
7
Suppose 8*x - 97 - 751 = 0. What are the prime factors of x?
2, 53
Let g(l) = l**2 + 14*l + 14. What are the prime factors of g(-15)?
29
Suppose 2*i + 5*f - 117 = 0, 4*f = -i + 2*i - 26. List the prime factors of i.
2, 23
Let l be -5 + 5 + (-3)/(-1). Let u = l + 16. List the prime factors of u.
19
Suppose -18*j + 1080 = -6*j. List the prime factors of j.
2, 3, 5
Let c(r) = -5 - 4*r + 4 - 5. What are the prime factors of c(-5)?
2, 7
Let i = 0 - -13. Suppose -4*p = -65 + i. List the prime factors of p.
13
Let p = -16 + 41. Suppose 3*t - 8 = p. What are the prime factors of t?
11
Let b be (-1)/(-1) - (7 - 6). Suppose -u +